 greatest common factor of g and 12.
12
Let h(z) = 9*z. Let s be h(2). Let b be s/24 + 170/8. Calculate the highest common divisor of b and 2.
2
Suppose c - 4*c = -4*d + 79, 0 = 5*c + 25. Let n be (-2)/4 - 255/2. Let o be n/(-4)*(-2)/(-2). What is the greatest common divisor of o and d?
16
Let z = -2 + 9. Let r(y) = y**2 - 3*y + 3. Let a = -15 - -17. Let u be r(a). What is the greatest common factor of z and u?
1
Let a = 7 - 2. Let x(n) = -n**2 - n**3 + 8 + a*n**2 - 3. Let v be x(4). What is the greatest common divisor of v and 5?
5
Suppose 0*l - 171 = -4*l - 3*u, -2*u - 6 = 0. Let w be 3 - (-2 + (-57)/3). Suppose 2*i - 12 = w. What is the highest common factor of l and i?
9
Suppose -7*o + 13 = -6*o. Let v = -6 - -4. Let j be v*(-1)/(-2)*-13. Calculate the highest common divisor of j and o.
13
Suppose -64 = -3*p - 2*y - 2*y, 2*p - 3*y - 20 = 0. Calculate the greatest common factor of 8 and p.
8
Let b = 0 + 6. Let p(h) = b*h**3 + 2 + h - 2. Let q be p(1). What is the greatest common factor of q and 14?
7
Suppose -4*y - 4*c + 1318 = -2*c, -y + c + 331 = 0. What is the greatest common divisor of 30 and y?
30
Suppose 3*b - 33 = 2*b. Let n be (-3 - (-136)/22) + (-4)/22. Calculate the greatest common factor of n and b.
3
Let n(m) = m**2 + m + 6. Let z be n(3). What is the greatest common factor of 72 and z?
18
Suppose -5 = -j - 1. Suppose j*s = -2*p + 636, -p - 2 = -0*p. What is the highest common divisor of 16 and s?
16
Let w = -22 - -37. Calculate the highest common divisor of w and 45.
15
Let d = 20 + 9. Let u(b) = 2*b**3 - b - 2. Let g be u(-2). Let j = d + g. Calculate the greatest common divisor of j and 39.
13
Let c be 1/1*210/7. Suppose -3*h + 40 = h. What is the highest common divisor of h and c?
10
Let l be 19 + 3 + -5 + 3. Suppose 3*v - 5*v + l = 0. What is the highest common divisor of 10 and v?
10
Let i(r) = 2*r**2 + 11*r + 11. Let g be i(-8). Calculate the highest common factor of g and 17.
17
Let h(a) = -5*a + 1. Let c = -14 + 11. Let d be h(c). What is the greatest common factor of 4 and d?
4
Let c be (1 + 12)*14/2. Calculate the greatest common factor of 13 and c.
13
Suppose -4*c = -1049 - 211. Suppose -2*l = l - c. What is the greatest common divisor of 42 and l?
21
Let o = 446 - 182. What is the greatest common factor of 33 and o?
33
Let z(t) = t**2 + 7 + 9*t - 5*t + 6*t. Let l be z(-10). What is the greatest common factor of l and 49?
7
Let d(a) = -a**3 + 7*a**2 - 8*a + 5. Let c be d(5). Calculate the greatest common factor of c and 75.
15
Suppose 4*n - p - 31 = 0, -3*p = -7*p + 20. What is the greatest common factor of n and 9?
9
Suppose 3*b - 95 = -5*k, -k - 2*b = -3*k + 54. What is the greatest common divisor of k and 11?
11
Let b(f) = -f**3 - 5*f**2 + 5*f + 7. Let i be b(-6). Let t(z) = 2*z**2 + z - 2. Let m be t(-3). What is the highest common factor of i and m?
13
Suppose d = 2*o - 6 + 19, 4*o = -2*d + 18. Suppose 4*m - 8 + 4 = 0. Let f be (1 - 0)*m*11. Calculate the highest common factor of f and d.
11
Let i be 98/6 + (-16)/48. What is the greatest common factor of 48 and i?
16
Suppose -2*a + 4*v = v - 39, -a - 3*v + 33 = 0. Let c be 1/((-1)/60)*-1. Calculate the highest common divisor of c and a.
12
Let r(v) = v**2 - 5*v - 6. Suppose 2*y - 9 - 7 = 0. Let a be r(y). What is the greatest common factor of 9 and a?
9
Suppose -2*s - 19 = 4*c - 191, -s = -5*c + 215. What is the greatest common factor of 430 and c?
43
Let l(m) = 103*m**3 + m**2 + 2*m - 2. Let n be l(1). Let s(a) = -a**3 + 7*a**2 + 2*a - 1. Let r be s(7). Calculate the greatest common divisor of n and r.
13
Suppose 4*a - 81 = x, 8*a - 78 = 4*a + 2*x. Calculate the greatest common divisor of 14 and a.
7
Let a(u) = 2*u + 4. Let g be a(6). What is the greatest common divisor of g and 176?
16
Suppose 5*i + 2*u - 171 = 0, 4*u = 2*i + 6*u - 66. Let b = 14 - 7. Calculate the highest common factor of b and i.
7
Let z be (-216)/(-8)*(0 + 1). Calculate the highest common factor of 9 and z.
9
Let f(u) = -16*u. Let x be f(-1). What is the greatest common factor of 112 and x?
16
Suppose 0*m + 2*b - 36 = -2*m, -54 = -3*m + b. Calculate the greatest common divisor of 72 and m.
18
Let v = -10 + 15. Suppose 154 = v*y - 4*g - 394, 563 = 5*y + g. Let s be ((-42)/(-8))/(15/40). What is the greatest common factor of s and y?
14
Let z(g) = g**2 + 3*g - 32. Let j be z(-8). Calculate the greatest common factor of 40 and j.
8
Let x be 132/5 + 6/(-15). Let u be ((-2)/(-4))/((-1)/(-26)). What is the highest common factor of u and x?
13
Let w(d) = 3*d - 3*d**2 + 0 + 0*d - 2 + d**3. Let g be w(2). Suppose g = z + 4*z - 595. Calculate the greatest common divisor of z and 17.
17
Suppose 0 = -z - 3*z - 8. Let y be 12*(z/(-2))/1. Suppose -q + 48 = -36. What is the highest common divisor of q and y?
12
Suppose 0*q - 16 = -4*q. Let s be -1 - ((-1 - 0) + 1). Let p = 5 + s. What is the greatest common factor of q and p?
4
Suppose -2 + 32 = -3*r. Let n = -1 - r. Calculate the greatest common divisor of 6 and n.
3
Let l = 39 - 21. Let d = l + -11. Let v be (d/(-5) - -1)*-10. Calculate the highest common divisor of v and 32.
4
Let x be ((0 - 1) + 1)/(-2). Let l be -6 + 23 + (1 - x). Let v(t) = -t + 4. Let b be v(-5). Calculate the greatest common factor of b and l.
9
Let g be (-80)/(-24)*(2 + (-76)/(-10)). What is the highest common divisor of g and 352?
32
Let n = -4 - -36. What is the greatest common divisor of 320 and n?
32
Let g = -44 + 64. What is the highest common factor of 10 and g?
10
Let p = -17 - -23. Calculate the greatest common divisor of p and 4.
2
Suppose -17 + 25 = 2*p. What is the greatest common factor of 20 and p?
4
Let m(b) = 6*b - 5. Let f be m(5). Calculate the greatest common divisor of 25 and f.
25
Let z = -46 + 63. What is the greatest common divisor of 1 and z?
1
Let j be (-3)/(-2)*(910/3)/7. Calculate the highest common factor of 13 and j.
13
Let s be -1 + 0 - (-1584)/11. Let d = -33 - -46. Calculate the greatest common divisor of d and s.
13
Let m = -8 + -39. Let b = -34 - m. What is the greatest common divisor of b and 143?
13
Suppose -5*n = -2*m - 12, n = -0*m + 3*m + 5. What is the highest common factor of n and 14?
2
Suppose 5*b - 5*l - 15 = 0, -3*l + 9 = b - 14. Calculate the highest common divisor of b and 1.
1
Suppose -d - 10 = -4*n, -3*n + 0 = 2*d - 35. What is the highest common divisor of d and 10?
10
Suppose m - 2*j = -j + 1, 2*j = 8. What is the greatest common factor of m and 20?
5
Suppose q + u + 0*u = 40, -2*q = 5*u - 65. What is the greatest common divisor of 9 and q?
9
Let j be ((-6)/(-30))/(1/5). Suppose -y - j = -5. Calculate the highest common divisor of y and 12.
4
Let j(d) = 9*d + 10. Let q(i) = -4*i - 5. Let r(b) = 3*j(b) + 7*q(b). Let a be r(-7). Suppose -a*l + 8 = 2. What is the greatest common divisor of l and 27?
3
Suppose 0 = -4*u + 61 + 39. What is the greatest common factor of u and 10?
5
Let g(w) = w**2 + 13*w + 4. Let v be g(-13). Let d(y) = -y**2 - 5*y. Let r be d(-4). What is the highest common divisor of r and v?
4
Let d(f) = f**3 - 4*f**2 + 4*f - 5. Let w be d(4). Calculate the highest common factor of w and 55.
11
Let i be (26 - 2)/(-4 + 6). What is the greatest common divisor of i and 48?
12
Let p = 31 - 22. Calculate the greatest common divisor of p and 36.
9
Let y be 1 - ((-3 - -7) + -83). Calculate the highest common factor of y and 200.
40
Suppose 2*l + 2 = -4*n, 3*n + 9 = 2*l + 4. Let w = l - 3. Let i be ((-26)/3)/(w/6). Calculate the highest common divisor of i and 39.
13
Suppose 10*o = 7*o + 4*b + 320, -5*b - 92 = -o. What is the highest common factor of o and 14?
14
Let k = -51 - -211. What is the greatest common factor of 20 and k?
20
Let a = -14 + 40. Suppose -14*c - 2 = -184. Calculate the highest common divisor of a and c.
13
Let n(k) = k**3 + 6*k**2 + 6*k + 7. Let d be n(-5). Suppose 0 = -d*v + v + 13. Calculate the greatest common divisor of v and 143.
13
Let j(q) = -q**3 - 6*q**2 - 2*q - 7. Let w be j(-6). Suppose w*v = 9*v + i - 91, 5*v - 122 = -4*i. Calculate the greatest common factor of 2 and v.
2
Let y(s) = 2*s - 3. Let h be y(3). Let b be h + (-1 + -2)/(-3). Suppose 16 = x - 3*w, -w - 24 = -b*x + 40. Calculate the greatest common factor of 80 and x.
16
Suppose -2*o = -31 - 189. Calculate the highest common fact